at is the highest common factor of c and 4?
2
Suppose -5*r - 5*a + 1245 = 0, -4*a - 719 = -r - 2*r. Calculate the greatest common factor of 35 and r.
35
Suppose -187 - 165 = -b. Calculate the greatest common divisor of b and 32.
32
Let z = 3 + 5. Let p(r) = 8*r + 1. Let l be p(z). Calculate the highest common divisor of 13 and l.
13
Suppose 0 = -5*b + 2*b + 63. Let n be 1140/b + 10/(-35). What is the greatest common factor of n and 6?
6
Let j(h) = 12*h - 22. Let t be j(17). What is the greatest common factor of t and 14?
14
Let m(f) = -11*f - 5. Let i be m(-5). What is the greatest common divisor of i and 75?
25
Suppose 3*b - 16 = -3*p + 7*p, -5*b + 55 = -p. Let r(n) = -n**3 + 11*n**2 + 13*n + 2. Let l be r(b). Calculate the highest common factor of l and 21.
7
Let m be ((-2)/(-6))/(2/150). Let z = m - -182. Suppose 5*n - 178 = z. Calculate the greatest common divisor of n and 7.
7
Let t = 18 - 13. Suppose -t*l + 2*d = -l - 238, -5*l - 3*d = -303. What is the highest common divisor of l and 24?
12
Suppose -180 = 25*f - 26*f. What is the highest common divisor of f and 20?
20
Suppose -3*v + 6 = 0, 2*v + 13 = 4*g - 11. Let a = 19 - g. Calculate the highest common factor of a and 4.
4
Let v = -6 + 7. Let z = 23 - 14. Let p = z + 0. Calculate the highest common divisor of v and p.
1
Let n = 0 - 18. Let i = -9 - n. Suppose 2*t = j - 6*j + 146, 5*t = j + 311. Calculate the highest common factor of i and t.
9
Let u be (4/(20/1705))/1. What is the highest common factor of u and 31?
31
Let c = -23 + 95. Suppose 0 = 4*b - 2*h - 62, -3*b + h - 2*h = -59. What is the highest common factor of c and b?
18
Suppose -4*l + 77 = -103. Calculate the highest common divisor of l and 18.
9
Let m(k) = -57*k + 5. Let h be m(-3). What is the highest common factor of h and 16?
16
Let b be (4/6)/((-30)/45). Let p(q) = 61*q**2 - 1. Let z be p(b). What is the highest common divisor of z and 40?
20
Let o(s) = s**3 + 2*s**2 + s. Let t be o(3). Calculate the greatest common factor of 32 and t.
16
Suppose 0 = y - 5, y + 3*y = 5*f. Suppose -2*v + 3*h = -142 - 25, -4*h + 364 = f*v. What is the highest common divisor of 11 and v?
11
Suppose 0*m - 4*m + 64 = 0. Calculate the highest common divisor of 96 and m.
16
Suppose 13 = v - 4*c, 0*v - 4*v = -c - 82. Calculate the greatest common factor of v and 3.
3
Let y(l) = -3*l - 25. Let t be y(-12). Let i(h) = -h + 11. Let s be i(10). What is the highest common divisor of t and s?
1
Suppose 88 = -13*g + 17*g. Calculate the highest common divisor of 2 and g.
2
Let i(j) = -j + 36. Let t be i(31). Calculate the highest common divisor of t and 75.
5
Suppose 2*g + q = 27, -7*q = -2*q + 5. Let t be ((-9)/6)/(6/(-112)). What is the highest common divisor of t and g?
14
Suppose 29 = 4*l + 9. Suppose -2*y = -l*n - y + 56, 4*n + 5*y = 39. What is the greatest common factor of 99 and n?
11
Let u(a) = -4*a**3 + 5*a**2 + 4*a + 3. Let k be u(-3). Calculate the highest common factor of 16 and k.
16
Let k = 4 - 0. Suppose k*v = -v + 760. Calculate the greatest common divisor of 19 and v.
19
Let s(x) be the first derivative of -7*x**2/2 - 7*x - 2. Let a be s(-7). What is the greatest common divisor of 6 and a?
6
Let k(i) = 6*i**2 - 2*i**3 + 62 + i**3 - 69 + i. Let o be k(5). Calculate the highest common divisor of o and 23.
23
Suppose -2*f - 2*p = -4*p - 24, p = -2. Calculate the greatest common divisor of f and 2.
2
Suppose 4*c - 5*l = 324, -2*c - l + 38 = -124. What is the greatest common divisor of c and 3?
3
Let h be (-5)/(5/(-6))*-1. Let j(v) = -v**3 - 4*v**2 + 3*v + 9. Let z be j(h). Let n be (-592)/(-80) + (-2)/5. Calculate the greatest common divisor of n and z.
7
Let b be (-168)/(5/(-6) - 2/3). What is the highest common divisor of b and 7?
7
Let l = 15 - -70. What is the highest common divisor of 17 and l?
17
Let h = 19 - 10. Let z(s) = -s**2 + 4*s + 2. Let f be z(4). Let v = 20 - f. What is the highest common factor of v and h?
9
Let n = 2 - -8. Let o = 4 - 11. Let l = o + n. What is the greatest common divisor of l and 33?
3
Let z(i) = i - 2 - 2 - 1 + 0*i. Let x be z(7). Suppose 0 = x*k + y - 26, -1 = y - 5. What is the highest common factor of k and 88?
11
Let l be (1/(1/8))/((-40)/(-380)). Calculate the greatest common divisor of l and 190.
38
Suppose 0*c = 3*c - 54. Calculate the highest common factor of c and 2.
2
Let z = 22 - 3. What is the greatest common divisor of 171 and z?
19
Let g(q) = q**2 + 2. Let o be g(0). Suppose -n = 4*b + 13, -b - o = -n + 5. Let p be 2/7 - 374/(-14). Calculate the greatest common divisor of n and p.
3
Let c(m) = m**2 - 17*m + 43. Let u be c(16). Calculate the greatest common divisor of 9 and u.
9
Suppose -5*p + 39 + 91 = -4*s, -s = 3*p - 95. Calculate the highest common divisor of 30 and p.
30
Let g(u) = u**2 + 2*u - 5. Let s = -4 + 0. Let h be g(s). Suppose h*l - 189 + 69 = 0. What is the highest common divisor of 8 and l?
8
Let p(h) = -7*h**2 + 2*h + 4. Let x be p(3). Let q = 130 + x. Let u be (2/3)/(2/33). Calculate the highest common factor of u and q.
11
Suppose -u + 2 = -1. Suppose o = -u*o + 60. Calculate the greatest common divisor of 165 and o.
15
Let w(z) = -z**2 - 6*z - 2. Let u be w(-5). Suppose 0 = c + 5, -49 = -0*t - u*t + 2*c. Calculate the greatest common factor of 143 and t.
13
Suppose 3*c = -o - 278 + 1068, o + 794 = 3*c. What is the highest common divisor of 24 and c?
24
Suppose -4*n + 5*q = -13 - 42, -110 = -5*n - 2*q. What is the greatest common divisor of n and 100?
20
Suppose -12*j = -109 - 47. Calculate the greatest common divisor of 91 and j.
13
Let h = 16 + -7. Suppose 3*u - h = 45. Suppose 2*k - 12 = -0*k. What is the greatest common divisor of k and u?
6
Let b be 22/121 + (-53)/(-11). What is the greatest common divisor of b and 1?
1
Let z(u) = 25*u**3 - u**2 + u - 1. Let i be z(1). Suppose h - 4*s = -0*h + 264, 3*h + s - 792 = 0. Calculate the greatest common divisor of h and i.
24
Let p be 18*(100/15)/5. What is the highest common factor of p and 168?
24
Let t be (-35)/70*(-2 - 143 - -1). Calculate the greatest common divisor of t and 16.
8
Let z be 35/(-1 + (0 - -2)). Suppose 4*u - 5*j + 4 = 40, 48 = 4*u - 2*j. What is the greatest common divisor of z and u?
7
Let m = 95 + -63. What is the greatest common divisor of m and 16?
16
Suppose -5*y + 680 = 2*r, -2*y + 2*r = 6*r - 272. Suppose 0 = -3*i + 14 + 37. Calculate the greatest common factor of i and y.
17
Let q be 6*(4/(-12) + 3). Suppose -14 - q = -x. What is the highest common factor of x and 10?
10
Let f = -87 + 143. Calculate the highest common divisor of f and 8.
8
Suppose -6*z - 492 = -3*z. Let g = z - -597. Let x = -307 + g. What is the highest common divisor of x and 14?
14
Suppose 0 = -2*x - 2*z + 4, 0*z = 4*z. Let w(j) = 4*j**2 - j. Let t be w(x). Calculate the highest common factor of t and 84.
14
Suppose 2*o = 5*u + 93, 0 = 4*o - 5*u + 3*u - 146. What is the greatest common factor of o and 85?
17
Suppose -13 = -m - j, 8*j = 3*m + 3*j - 15. Let o = 82 - 2. Calculate the highest common factor of o and m.
10
Suppose t + 18 = 2*t. Let u(o) = o**3 - 4*o**2 + 5*o + 4. Let s be u(5). Calculate the greatest common factor of s and t.
18
Let a(x) = 3*x**2 + 5. Let w be a(-5). What is the greatest common divisor of w and 16?
16
Let n = 1 - -10. Let s = n + -4. What is the greatest common divisor of 7 and s?
7
Let q = 6 - 4. Suppose 4*m - 44 = w - 5*w, 5*w - 34 = q*m. Let x = 1 + w. What is the highest common factor of x and 45?
9
Suppose -66 = -3*r + 2*q, -2*q - 11 = -2*r + 35. What is the highest common factor of 8 and r?
4
Let i(p) = 20*p**2 + 15*p + 16. Let m(d) = -4*d**2 - 3*d - 3. Let c(w) = -2*i(w) - 11*m(w). Let k be c(-3). Calculate the highest common factor of k and 84.
28
Suppose 7*w = 72 + 47. Calculate the highest common divisor of w and 187.
17
Suppose -5*q + 0*q - 4*y + 88 = 0, 2*q + 2*y = 36. Calculate the highest common divisor of 80 and q.
16
Let y = -33 - -35. Calculate the greatest common divisor of 5 and y.
1
Let x = 57 + 0. Calculate the highest common divisor of x and 38.
19
Let g = 6 - -1. Suppose -g = -3*t + 8. Suppose t = -0*s + s. What is the highest common factor of s and 10?
5
Let d be 4/(-10) - (-54)/10. Let s be 48*(-4)/(-12) - (1 - 0). What is the greatest common factor of s and d?
5
Let